57, 1319
What are the prime factors of 440012?
2, 41, 2683
What are the prime factors of 55978?
2, 13, 2153
List the prime factors of 14136372.
2, 3, 31, 53, 239
List the prime factors of 14511286.
2, 31, 59, 3967
What are the prime factors of 6773735?
5, 17, 79691
List the prime factors of 1746360.
2, 3, 5, 7, 11
What are the prime factors of 353721?
3, 157, 751
What are the prime factors of 279810?
2, 3, 5, 3109
What are the prime factors of 554068?
2, 138517
What are the prime factors of 331357?
13, 71, 359
List the prime factors of 163409.
163409
What are the prime factors of 14433731?
13, 17, 241, 271
List the prime factors of 7601588.
2, 1900397
What are the prime factors of 246546?
2, 3, 13697
What are the prime factors of 13944631?
13944631
List the prime factors of 1770407.
449, 3943
What are the prime factors of 193769?
37, 5237
List the prime factors of 444501.
3, 101, 163
List the prime factors of 2899093.
149, 19457
What are the prime factors of 5520?
2, 3, 5, 23
What are the prime factors of 17425363?
43, 405241
What are the prime factors of 4147979?
11, 557, 677
What are the prime factors of 18646102?
2, 9323051
What are the prime factors of 3978?
2, 3, 13, 17
What are the prime factors of 127058?
2, 17, 37, 101
What are the prime factors of 24588?
2, 3, 683
What are the prime factors of 264927?
3, 13, 6793
What are the prime factors of 1276465?
5, 59, 4327
List the prime factors of 2737218.
2, 3, 11, 67, 619
List the prime factors of 11221874.
2, 5610937
What are the prime factors of 827661?
3, 263, 1049
What are the prime factors of 319359?
3, 106453
What are the prime factors of 2639815?
5, 83, 6361
List the prime factors of 99578.
2, 49789
List the prime factors of 2176770.
2, 3, 5, 72559
What are the prime factors of 829611?
3, 92179
What are the prime factors of 5375551?
41, 131111
List the prime factors of 3726966.
2, 3, 23, 113, 239
What are the prime factors of 261854?
2, 130927
List the prime factors of 2490.
2, 3, 5, 83
List the prime factors of 6373688.
2, 796711
What are the prime factors of 5602643?
5602643
List the prime factors of 232913.
89, 2617
List the prime factors of 2038765.
5, 71, 5743
List the prime factors of 254206.
2, 127103
List the prime factors of 3052012.
2, 31, 151, 163
List the prime factors of 182287.
7, 26041
What are the prime factors of 756951?
3, 13, 1493
List the prime factors of 2986992.
2, 3, 20743
List the prime factors of 792268.
2, 17, 61, 191
What are the prime factors of 22842908?
2, 11, 31, 16747
List the prime factors of 2474266.
2, 103, 12011
What are the prime factors of 8193175?
5, 23, 14249
What are the prime factors of 9911338?
2, 37, 151, 887
List the prime factors of 17459653.
29, 602057
What are the prime factors of 180284?
2, 13, 3467
What are the prime factors of 49033?
49033
List the prime factors of 3626480.
2, 5, 11, 13, 317
List the prime factors of 354646.
2, 177323
What are the prime factors of 204758?
2, 37, 2767
What are the prime factors of 1754831?
13, 23, 5869
What are the prime factors of 6566011?
53, 123887
What are the prime factors of 12652040?
2, 5, 316301
What are the prime factors of 106742?
2, 19, 53
List the prime factors of 1026012.
2, 3, 13, 6577
What are the prime factors of 1006986?
2, 3, 23, 7297
What are the prime factors of 758189?
758189
What are the prime factors of 232408?
2, 11, 19, 139
What are the prime factors of 325012?
2, 193, 421
What are the prime factors of 9222241?
7, 23, 167
List the prime factors of 1913460.
2, 3, 5, 31891
What are the prime factors of 13390890?
2, 3, 5, 446363
What are the prime factors of 24140596?
2, 359, 16811
What are the prime factors of 14874897?
3, 4958299
What are the prime factors of 348034?
2, 174017
What are the prime factors of 2983937?
11, 61, 4447
What are the prime factors of 27419822?
2, 73, 109, 1723
List the prime factors of 200283.
3, 101, 661
List the prime factors of 442146.
2, 3, 59, 1249
List the prime factors of 64719.
3, 17, 47
List the prime factors of 430197.
3, 193, 743
What are the prime factors of 219771?
3, 24419
List the prime factors of 5497643.
5497643
What are the prime factors of 20929350?
2, 3, 5, 13, 10733
List the prime factors of 1061321.
19, 83, 673
What are the prime factors of 634374?
2, 3, 13, 2711
What are the prime factors of 408584?
2, 11, 4643
List the prime factors of 726438.
2, 3, 41, 2953
What are the prime factors of 244003?
244003
List the prime factors of 2031365.
5, 7, 127, 457
What are the prime factors of 1778024?
2, 59, 3767
List the prime factors of 26824.
2, 7, 479
List the prime factors of 7912.
2, 23, 43
List the prime factors of 855165.
3, 5, 47, 1213
What are the prime factors of 7017251?
19, 227, 1627
List the prime factors of 255401.
97, 2633
List the prime factors of 384346.
2, 192173
List the prime factors of 140016.
2, 3, 2917
What are the prime factors of 802830?
2, 3, 5, 7, 3823
List the prime factors of 1032354.
2, 3, 83, 691
What are the prime factors of 401202?
2, 3, 31, 719
List the prime factors of 8282176.
2, 7, 19, 139
What are the prime factors of 13215508?
2, 359, 9203
List the prime factors of 101482.
2, 50741
List the prime factors of 7461377.
7, 11, 109, 127
List the prime factors of 331350.
2, 3, 5, 47
What are the prime factors of 15550337?
11, 499, 2833
What are the prime factors of 14376635?
5, 7, 13, 19, 1663
List the prime factors of 5800.
2, 5, 29
List the prime factors of 459414.
2, 3, 25523
List the prime factors of 11912.
2, 1489
List the prime factors of 2481178.
2, 7, 31, 5717
What are the prime factors of 231090?
2, 3, 5, 7703
List the prime factors of 114292.
2, 28573
List the prime factors of 24677515.
5, 4935503
List the prime factors of 151872.
2, 3, 7, 113
What are the prime factors of 7275511?
7275511
What are the prime factors of 6545064?
2, 3, 23, 71, 167
What are the prime factors of 3571371?
3, 23, 71
What are the prime factors of 33602?
2, 53, 317
What are the prime factors of 137438?
2, 7, 9817
List the prime factors of 10440240.
2, 3, 5, 41, 1061
List the prime factors of 336693.
3, 7, 16033
What are the prime factors of 101831?
79, 1289
List the prime factors of 16957892.
2, 7, 605639
What are the prime factors of 13945908?
2, 3, 31, 37489
List the prime factors of 4787060.
2, 5, 37, 6469
List the prime factors of 198997.
198997
List the prime factors of 236175.
3, 5, 47, 67
What are the prime factors of 248108?
2, 7, 8861
List the prime factors of 453560.
2, 5, 17, 23, 29
What are the prime factors of 188862?
2, 3, 31477
List the prime factors of 4021219.
367, 10957
What are the prime factors of 227540?
2, 5, 31, 367
What are the prime factors of 1764255?
3, 5, 117617
List the prime factors of 333090.
2, 3, 5, 3701
What are the prime factors of 6001040?
2, 5, 75013
What are the prime factors of 105542?
2, 113, 467
List the prime factors of 625480.
2, 5, 19, 823
List the prime factors of 5206521.
3, 1735507
What are the prime factors of 262635?
3, 5, 17509
List the prime factors of 152856.
2, 3, 11, 193
List the prime factors of 34388.
2, 8597
List the prime factors of 562226.
2, 7, 5737
List the prime factors of 5934261.
3, 1978087
List the prime factors of 71755.
5, 113, 127
List the prime factors of 2304946.
2, 7, 61, 2699
What are the prime factors of 6053678?
2, 3026839
What are the prime factors of 1477730?
2, 5, 147773
List the prime factors of 1656941.
11, 13, 11587
What are the prime factors of 3954125?
5, 7, 4519
What are the prime factors of 3409?
7, 487
List the prime factors of 1938190.
2, 5, 19, 101
What are the prime factors of 13144025?
5, 43, 12227
List the prime factors of 2331.
3, 7, 37
What are the prime factors of 522573?
3, 373, 467
List the prime factors of 12611659.
23, 71, 7723
What are the prime factors of 5107895?
5, 13, 78583
What are the prime factors of 1014885?
3, 5, 19, 1187
List the prime factors of 20359803.
3, 269, 25229
List the prime factors of 102186.
2, 3, 7, 811
List the prime factors of 16118273.
37, 367, 1187
What are the prime factors of 166736?
2, 17, 613
List the prime factors of 366521.
366521
What are the prime factors of 15142734?
2, 3, 19, 14759
List the prime factors of 19290198.
2, 3, 53, 60661
List the prime factors of 2739497.
41, 109, 613
What ar